 - 12*v + i*v. Calculate u(-2).
7
Let l(c) = -2*c - 5. Let r be l(-4). Let x(n) = r - 73*n + n**3 - 3*n**2 + 69*n + 0. What is x(2)?
-9
Let k = 6 + -10. Let b(p) be the first derivative of -p**3/3 - 5*p**2/2 + 3*p + 1. Give b(k).
7
Let d(b) = b + 5. Let o be d(-8). Let k(y) = -2*y - 1. Calculate k(o).
5
Suppose -2*w = -v - 4, -2*v - 3*v - 2 = -w. Let t be (-2 - -2) + (v - -1). Let q(m) = -t + 1 - 1 - 5*m + m**2. What is q(5)?
-1
Let q be (5*1)/(8 + -7). Let v(m) = m**2 - 10*m + 11. Let j be v(8). Let x = j + q. Let a(k) = -k + 4. Calculate a(x).
4
Let o = -18 - -23. Let r(t) = -2*t + 4. Give r(o).
-6
Let r(j) be the second derivative of -j**4/12 - 2*j**3/3 + 2*j**2 - 14*j. Determine r(-4).
4
Let o(a) = -a**2 + 3*a + 3. Let v be 8/(-10)*(3 - -2). Let u be ((-25)/10)/(2/v). What is o(u)?
-7
Suppose 5*a + 50 = -2*c + 5*c, 2*a = -5*c + 135. Suppose 0 = -4*i + 7 + c. Let n(f) = -f**2 + i*f + 0*f**2 - 3*f - 1. What is n(5)?
-1
Let l(s) = s**2 - 3*s + 4. Let p(m) = -m**3 - m + 1. Let w(g) = -l(g) + 2*p(g). Give w(-2).
8
Let s(g) be the first derivative of 3*g**2/2 + g + 24. Determine s(1).
4
Suppose -2*l + 13 = 3. Let v(y) = -y**3 + 5*y**2 + y + 1. Calculate v(l).
6
Let d(p) = p + 1. Let b(j) = 2*j - 4. Let l(w) = b(w) - 3*d(w). What is l(-8)?
1
Let j(x) = 0*x - 1 - x + 0 - x**2. Let z = -24 + 16. Let q = -8 - z. Give j(q).
-1
Suppose 0*a + a + 32 = -3*n, 2*n - 5*a = -10. Let m = -9 - n. Let r(k) = k - 4*k - 6*k + 1. Calculate r(m).
-8
Let u(i) = 2*i + 2. Suppose -p = -6*p + 10. Determine u(p).
6
Let f(h) = 4*h - 2. Let y(n) = -7*n + 3. Let k(m) = 5*f(m) + 3*y(m). Calculate k(-5).
4
Let l be (-56)/21*(-3)/2. Let i(g) = 0 + 4 - 2 + 2*g. Calculate i(l).
10
Let y be (-153)/24 - (4 - 35/8). Let r(z) be the second derivative of z**3/6 - 3*z**2/2 - z. Calculate r(y).
-9
Let d(q) = -832*q - 4 + 831*q + 1. Give d(4).
-7
Suppose 0 = 3*r - 3 + 18. Let l(j) = -j**3 - 5*j**2. Determine l(r).
0
Let v(j) be the third derivative of 7*j**2 + 0 + 0*j + 0*j**3 + 1/10*j**5 + 0*j**4 + 1/120*j**6. Give v(-6).
0
Let l(c) be the first derivative of -c**2/2 - 7*c + 22. Calculate l(-7).
0
Suppose 32 = -7*j + 3*j - 4*w, 4*j = -2*w - 30. Let q(l) = l**2 + 6*l - 9. Determine q(j).
-2
Let n(j) = -2*j**3 - 15*j**2 - 2*j + 6. Let z(x) = -x**3 - 7*x**2 - x + 3. Let y(u) = -2*n(u) + 5*z(u). Calculate y(-3).
-12
Let z(g) = 12*g - 46. Let f be z(4). Let j(x) = x**3 + 1. What is j(f)?
9
Suppose 3*m - 2*l + 0 - 2 = 0, 0 = 5*m + 2*l - 14. Suppose 0 = 3*o + 5 + 4, 0 = -m*z - 5*o - 25. Let a(t) = t**3 + 5*t**2 - 2*t - 3. What is a(z)?
7
Let f(s) be the first derivative of -s**2/2 - 10*s + 6. Let n(y) = y + 11. Let b(u) = -5*f(u) - 4*n(u). Determine b(-5).
1
Let n be -1*(-9)/(-6)*(-1 - 1). Let t(h) be the second derivative of 5/6*h**n - 1/2*h**2 + 0 - 3*h. Give t(1).
4
Let g be (-18)/(-8) - 10/40. Let w(b) be the second derivative of g*b - 1/12*b**4 + 1/2*b**2 - 1/6*b**3 + 0. What is w(1)?
-1
Suppose -4*h = h + 15. Let a(b) be the third derivative of b**5/60 - b**3/2 + 16*b**2. Determine a(h).
6
Let m(v) = 5*v**3 + 4*v**2 - 1. Let a(j) = 9*j**3 + 9*j**2 + j - 3. Let s(y) = -2*a(y) + 5*m(y). Calculate s(1).
8
Let n = 0 - 0. Let y be 2*(2 - 3) - -2. Let g = n - y. Let a(p) = p + 7. Calculate a(g).
7
Let q(t) = t**3 - t**2 + t + 6. Let o(w) = 3*w + 18. Let s be o(-6). What is q(s)?
6
Let a(u) be the third derivative of -u**4/12 + 2*u**3/3 - 8*u**2. Determine a(5).
-6
Let j = -8 - -11. Let h(r) = r**2 - 5*r. Determine h(j).
-6
Let o(n) = 3 + 0 - 2 + n**3. Let u be o(0). Let s(i) = -4*i**2 - 1. Determine s(u).
-5
Let m(g) be the first derivative of 1/2*g**2 + 2 + 1/3*g**3 + 3*g + 1/4*g**4. Determine m(0).
3
Let r = 5/13 + 3/26. Let a(y) be the third derivative of -r*y**3 + y**2 - 1/8*y**4 + 0*y + 0. Give a(-4).
9
Let k(z) be the second derivative of -z**5/20 + z**4/4 + 2*z**3/3 + 3*z**2/2 + 18*z. Suppose -4 = 2*m - 12. Determine k(m).
3
Let c(w) = 1 - w + 0 + 2*w - 8. Give c(0).
-7
Let a be (-2)/(-3) - 1/(-3). Let w(p) = 0*p - 5*p + 7*p - a. Give w(1).
1
Let g = -131/3 + 44. Let k(l) be the second derivative of -l**2 - g*l**3 - 2*l - 1/12*l**4 + 0. Calculate k(-3).
-5
Let h(x) be the third derivative of 1/12*x**5 + 10*x**2 - 1/24*x**4 + 0 + 0*x - 1/120*x**6 - 1/3*x**3. What is h(4)?
10
Let h(m) = -2*m - 8 + 0*m + 0*m + 3*m. Calculate h(7).
-1
Let q(o) be the first derivative of -o**7/840 + 7*o**6/360 - 3*o**5/40 + 7*o**4/24 - 5*o**3/3 - 4. Let s(m) be the third derivative of q(m). Determine s(6).
-11
Let k(w) = w**2 + 10*w + 1. Suppose z - 5*f = -18, 5*f = -5*z - 42 + 12. Determine k(z).
-15
Let n(j) = j**2 + 6*j + 2. Let s = 2 - -7. Suppose -s*r - 8 = -7*r. Calculate n(r).
-6
Let t(s) = 20*s**3 - 9*s**3 - 12*s**3 + 3*s**2 + 3*s + 0 - 3. Determine t(3).
6
Suppose -5*c - 15 = 5*q + 5, -5*q = -3*c + 28. Let b be 1 + (c - 1) - -2. Let t(m) = 2*m**2 - 3*m**2 + m + 4*m**2 + m**b. Calculate t(-3).
-3
Let j(i) = i**3 + 2*i**2 - 2*i + 1. Let g be 21/(-14) + -2*1/4. Determine j(g).
5
Suppose 4*k = 8, -2 - 2 = j - 2*k. Suppose j = -2*u - c, 0 = -0*u - u - 5*c - 18. Let d(l) = -2 + 1 + l**2 + 0. Give d(u).
3
Let t(p) be the third derivative of -p**4/12 + p**3/6 - 15*p**2. What is t(-1)?
3
Let a(h) = h + 3. Let r(s) = -s - 4. Let j(t) = 4*a(t) + 3*r(t). Give j(3).
3
Let n be 2*2/(-4) + -2. Let d = -3 - n. Let j(z) = -2*z + z + d*z. What is j(-1)?
1
Let r(y) be the third derivative of y**4/24 - 5*y**3/6 - y**2. Let p(w) = -w**3 - 6*w**2 - 5*w. Let z = 6 + -11. Let o be p(z). Calculate r(o).
-5
Let g(r) = r**3 + 10*r**2 + 9*r + 3. Let v be g(-9). Let f(i) = 7 + i**3 - 3*i - 6 - v*i**2 + 5. Determine f(4).
10
Let d(x) = x + 2. Let k(m) = -m**3 + 5*m**2 - 8*m + 2. Let f be k(3). What is d(f)?
-2
Let x(v) be the first derivative of -v**2 - 8*v - 8. Give x(-7).
6
Let p be ((-8)/4)/2 - 7. Let u be (-3)/6 - 4/p. Let b(d) = -d - 2. What is b(u)?
-2
Suppose -3 = 2*j - 1. Let g be j*(0 + (-1 - -2)). Let w(i) = 6*i**2 - i + 4 - 4. Determine w(g).
7
Let r be ((-2)/(-3))/((-2)/3). Let g(z) = 10*z**2. Determine g(r).
10
Suppose -w + 3*m = 2*w + 6, m - 2 = 5*w. Suppose -2*t - 2*t - 4*z = w, 9 = -3*z. Let b(d) = d**3 - 3*d**2 - 4*d + 4. Calculate b(t).
-8
Let j be (-6)/33 - (-48)/22. Let m(g) = -j*g - 3*g**2 + g**2 + g**2. Let f be (4/(-3))/((-2)/(-6)). Determine m(f).
-8
Suppose -2*m + m = 0. Let t(c) be the third derivative of -c**7/5040 - c**5/60 + 4*c**2. Let l(y) be the third derivative of t(y). Calculate l(m).
0
Let a(s) be the second derivative of 1/60*s**6 + 0 + 2*s - 1/3*s**3 + 1/120*s**5 + 0*s**2 + 0*s**4. Let x(h) be the second derivative of a(h). Calculate x(-1).
5
Let t(p) = 4*p**2 - p. Let d(v) = -v - 1. Let k(l) = -2*l - 5. Let c(r) = 3*d(r) - k(r). Let i be c(1). What is t(i)?
3
Suppose 0 = -3*b - 3*u + 342, -4*b + 3*u + 456 = 5*u. Let z be b/22 - (-4)/(-22). Let h(y) = y**2 - 7*y + 7. Calculate h(z).
-3
Let d(i) be the third derivative of -i**4/12 + 2*i**3/3 + i**2. Calculate d(4).
-4
Let u = -25 - -26. Let a(k) be the first derivative of 1/2*k**2 - 2*k - u + 1/3*k**3. Give a(-2).
0
Let r(c) = -6*c + 33. Let k be r(5). Let q(j) = 4*j - 1. Determine q(k).
11
Let u = -244 + 242. Let g(j) = -2 + 2 + 3 + 5*j. Give g(u).
-7
Let n(s) = s**3 + 6*s**2 + 6*s + 3. Let m(z) = z**3 - 7*z**2 + 2. Let f be m(7). Suppose -3*w - 10 = -2*t + w, -3*t - f*w = 25. Determine n(t).
-2
Let u(y) = -y + 3. Let b be u(6). Let d(a) be the first derivative of a**3/3 - 3*a - 2. Determine d(b).
6
Let d(f) = f + 1. Let y(r) = -3*r - 1. Suppose -h + 2 - 6 = 0. Let b(q) = h*d(q) - 2*y(q). What is b(-2)?
-6
Let v be 5/(-25)*-5*0. Let x(s) = s - 12. Determine x(v).
-12
Let i(w) = -3*w - 7. Let x be (-4)/10 + (-36)/(-15). Let d(a) = -1 + 2 + 3 + x*a. Let k(s) = -5*d(s) - 3*i(s). What is k(3)?
-2
Suppose -2*d = 3*q, -5*q - 3 = 2*d + 1. Let g(t) be the first derivative of t**4/4 - t**2/2 - t - 1. Give g(q).
-7
Let o(p) = -3*p + 7. Let d(h) = -h + 1. Let r(k) = 4*d(k) - o(k). Calculate r(-2).
-1
Let z(r) = r - 12. Let l(i) = i**3 - i**2 + 3*i - 3. Let d be l(1). Calculate z(d).
-12
Let s(g) be the third derivative of -g**6/120 - g**5/30 + g**4/6 - 7*g**2 - 3. Give s(-3).
-3
Let n be (3/(-9))/(1/(-6)). Let f(o) = o**3 - 5*o**2 + 2*o - 1. What is f(n)?
-9
Let x(d) = -d**3 + 2*d**2 + 2*d - 3. Let h = -18 - -20. What is x(h)?
1
Let x(l) = 15*l 